*d**3 + 20*d**2 + d - 16. Let q be -6 - (0 - 13) - -3. Calculate m(q).
-6
Let l(i) = 3*i**2 + 0*i**3 + 8 + 3*i**2 + i**3. Suppose 4*b + 36 = 0, 0 = -139*x + 140*x + 4*b + 42. Give l(x).
8
Let a be ((-6)/4)/(1 - 14/8). Suppose -5*j + 4*p + 0*p = -61, 0 = a*j - p - 22. Let g be 27*(-6)/(-18)*2/j. Let v(t) = -3*t**3 + 3*t**2. Determine v(g).
-12
Let y(k) = -15*k + 72. Let o be 15/(-6)*6*(-4 + (-104)/(-30)). Determine y(o).
-48
Let y(z) be the second derivative of -z**4/12 + z**3/3 + 2*z**2 + 61*z + 7. What is y(4)?
-4
Let h(u) = 19*u + 1253. Let g be h(-66). Let l(a) = -29*a**2 - 4*a - 5. Give l(g).
-30
Let d(w) be the first derivative of w**2 + 55*w - 114. Calculate d(-27).
1
Suppose 2*m - 12 + 0 = -x, m - 7 = -x. Let f(p) = -7*p**2 + 2*p - 2. Give f(x).
-26
Let a(i) = 782*i - 257. Let s(f) = 180*f - 64. Let h(d) = -6*a(d) + 26*s(d). What is h(-9)?
-14
Let p(h) = -14*h - 26. Let a(s) = 3*s + 5. Let x(k) = -11*a(k) - 2*p(k). Let t be (-2)/(-14) - ((-176)/(-56) - -2). Calculate x(t).
22
Let n(d) = 2*d - 2. Let w = -1290 - -1290. Give n(w).
-2
Let y = -375 + 378. Let j(k) = 42*k**2 + 2*k**y - 3*k + 47*k**2 - 88*k**2 - k**3 + 0*k. Determine j(-2).
2
Suppose 6*o - 5*o = 9. Suppose 3*c - o + 3 = 0. Suppose -2*j - f = 12, 0 = -3*j + 7*j - c*f + 16. Let d(x) = -x**2 - 7*x - 5. Calculate d(j).
5
Let t(r) = -r + 40. Let a be t(33). Let v(q) = -5*q - 12. Calculate v(a).
-47
Let d(v) = -4*v**2 + 2*v. Let t(k) = 5*k**2 - 3*k + 21. Let s be t(-5). Let a = s + -159. Determine d(a).
-12
Let o(u) = u**3 + 10*u**2 + 9*u + 5. Suppose 0 = 5*f + 3*h - 23, -4 = -15*f + 13*f + 4*h. Let y be (-468)/(-130)*(-10)/f. What is o(y)?
5
Let k(q) = q**3 + 5*q**2 - q - 6. Let w(d) = -6*d - 2. Let x be w(-2). Let y be (-10 - 0)*((-45)/(-6) - 9). Suppose 7*b = x*b + y. Give k(b).
-1
Let p = -13670 + 13673. Let u(l) = -2*l**3 + 7*l**2 + l - 5. What is u(p)?
7
Let m = 81 - -22. Suppose 138 = 7*t + m. Let i(u) = 2*u - 1. Give i(t).
9
Let o be 3240/729 - (-4)/(-9). Let q(z) = 12482*z**2 - 12481*z**2 - o + 3*z + z. Let h = -5 - 0. Determine q(h).
1
Let m(b) = b**2 + 4*b + 2. Let p(a) = 3*a**2 - a - 1. Let q(y) = -7*y**2 + 4*y + 3. Let t(v) = -5*p(v) - 2*q(v). Let n(d) = 5*m(d) + 6*t(d). Calculate n(-5).
-31
Suppose -l + 66 = 3*r + 3*l, r + l = 22. Suppose r = b + b. Suppose -3*c + 5 = b. Let o(q) = -4*q + 1. Determine o(c).
9
Let b(r) = 8314*r + 8362*r - 16677*r - 74. What is b(-17)?
-57
Let j(r) be the third derivative of -r**5/60 + 5*r**4/8 - 3*r**3/2 + 30*r**2. Let s be j(14). Suppose 5 = -8*a + s. Let p(d) = d**2 - d + 27. Determine p(a).
27
Let w(a) = 5*a - 1. Let q(u) = -u**3 + 25*u**2 + 24*u + 54. Let b be q(26). Suppose -b*s - 4 + 6 = 0. Calculate w(s).
4
Let f(m) be the second derivative of 2*m**3/3 - 3*m**2/2 + 5328*m. Calculate f(-8).
-35
Let j = 423 + -418. Let o be ((-8)/(-10))/((-2)/(-5)). Let a(r) = -8 + 6 + r**2 + 7 - j*r + r**o. Give a(4).
17
Let y(w) be the second derivative of -w**3/6 - 5*w**2 + 11*w + 14. Give y(-4).
-6
Let y(i) = 7*i + 1. Let w(o) = -1. Let d(g) = 2*g**2 + 5*g - 20. Let c(q) = d(q) - 3*w(q). Let v be c(5). Let m = 57 - v. Determine y(m).
-6
Let o(w) = w**2 + 4*w - 6. Let r be o(-4). Let i(g) = 4 - 92*g + 44*g + 49*g. Give i(r).
-2
Let r(s) = 45*s**2 + 114*s + 73. Let u(c) = 19*c**2 + 46*c + 29. Let x(d) = -5*r(d) + 12*u(d). What is x(7)?
4
Suppose -74 = -4*a + 102. Let y = a + -36. Let u = 9 - y. Let v(b) = 5*b**2 + b. Determine v(u).
6
Let k(i) = 48*i + 378. Let a = -13115 - -13107. Calculate k(a).
-6
Let d(w) = -w**3 + 19*w**2 + w - 30. Let h be (-9)/117 + 3224/169. Calculate d(h).
-11
Let v be (12/8)/(2/4). Suppose -5*c + 98 = -s + 30, -5*c + 56 = v*s. Let i(n) = -17*n - c*n - 2 + 51*n - 14*n. Give i(-2).
-16
Let x(l) = -l**3 - 5*l**2 + 4*l - 7. Let i(g) = -80 - 2*g**3 + 89 - 3*g + 7*g**2 + g**3. Let q be i(7). Let s be q*((-5)/(-5))/2. Give x(s).
5
Let b(a) = a - 18. Suppose 4*m = 30*m - 572. Suppose 119 = m*r - 5*r. Give b(r).
-11
Suppose p - 148 = 4*z, -5*z - 1602 = -3*p - 1424. Let x(n) = -n**3 - 35*n**2 + 115*n + 36. Calculate x(z).
-2
Let t(n) = -11*n + 19. Let s = 3687 - 3680. Give t(s).
-58
Let w be (-2)/11 + (-4)/(-22). Let s(q) be the third derivative of q**6/120 + q**5/60 - q**3/2 + 16576*q**2. Calculate s(w).
-3
Let u = 8 - 0. Let g be ((-4)/(-15))/((-606)/(-13635)). Let w(d) = 8*d - u*d + g - d. Determine w(5).
1
Suppose 306*x - 284 - 1552 = 0. Let o(z) = -3*z**2 + 11*z + 21. Give o(x).
-21
Let q(o) = o**3 + 6*o**2 - 5*o + 9. Let z(x) = -3*x - 61. Let v(l) = -l**3 + 2*l**2 - l - 6. Let r be v(3). Let u be z(r). Give q(u).
-5
Let b(n) = 1. Let x(y) = 7*y - 3. Let z(c) = -b(c) + x(c). Let d = 1147 - 1150. Give z(d).
-25
Let p(z) = -z**2 - 17*z - 13. Suppose -1156 = 94*j + 254. Give p(j).
17
Let t(b) = -b**3 + 4*b**2 - 3*b. Let p(c) = c + 14. Let m be p(-9). Suppose 5*w + 10 = 5*o, 0*w + m*w = 4*o - 6. What is t(w)?
2
Let y(c) be the third derivative of -7*c**5/10 + c**4/24 + c**3/6 - 2*c**2 + 30*c. Give y(-1).
-42
Let g(m) = -19*m**2 + 10*m + 20. Let y(a) = 16*a**2 - 9*a - 21. Let c(l) = -5*g(l) - 6*y(l). Calculate c(8).
-6
Let z = -505 - -522. Suppose -88 = -15*v + z. Let o(y) = 3*y - 15. Calculate o(v).
6
Suppose -4*y - 14*k + 28 = 0, 0 = -4*y + 11*k - 12*k + 2. Let h(g) = 2*g - 135. What is h(y)?
-135
Let g(l) = l - 10. Suppose 0 = -3*j + 2*a + 3 + 15, -25 = -5*j + 5*a. Suppose 5*b + w - 24 = 0, 3*b + j*w - 8 = 9*w. Give g(b).
-6
Let u be (3 + -2)/((-2)/(-65 - -3)). Let g(x) = -36 - x - 37 - u + 99. Determine g(-7).
2
Let w(q) = 4*q + 7. Let l(a) be the second derivative of -2*a**3/3 - 5*a**2 + 79*a + 1. Let z(h) = 2*l(h) + 3*w(h). Calculate z(1).
5
Let w(s) = -s**3 + 7*s**2 - 7*s. Let d = 106 - 100. Suppose 2*a - d = -b, -5*b - 11 = -5*a + 4. Suppose -5*q + 16 + 4 = 5*g, a*q - 2*g = 22. What is w(q)?
-6
Let u(c) = 133*c + 526. Suppose 1557 - 101 = -304*s - 60*s. What is u(s)?
-6
Let x(y) = -y**3 - 6*y**2 - y + 5. Let b = 30 + -25. Suppose o = b*o. Suppose k = 5*c + 26, -5*c + 4*k + 0*k - 14 = o. What is x(c)?
11
Suppose -70 = 3*c + 26. Let g = c + 37. Suppose 0 = -12*l + 7*l - g. Let p(v) = 8*v + 1. Determine p(l).
-7
Let u = 3 - 0. Let h(c) be the second derivative of -c**3/6 + 2*c**2 - 975*c. Give h(u).
1
Let n(d) = -4 - 3 - d**2 - 3*d + 0*d - d. Suppose 0 = 269*p + 345 + 1000. What is n(p)?
-12
Let x(o) be the second derivative of -o**4/12 - 8*o**3/3 + 15*o**2 + 2*o + 430. What is x(-17)?
13
Let i(r) = -31*r - 246. Let a be i(-8). Let f = -2 - -2. Let o(d) = -2*d - 2 + f + 3 + d. Determine o(a).
-1
Let q be 15/6 - 540/(-120). Let c(k) = -k**2 + 2*k - 25. Calculate c(q).
-60
Suppose 7*j = -4*o + 5*j - 2, 4*j = o - 13. Suppose -y + 4 - o = 0. Let m(w) = -2*w**2 - 3*w + 2. Give m(y).
-25
Suppose 31 = -5*s - 4*x, -27 = -113*s + 116*s + x. Let j(q) = -q**3 - 11*q**2 + 2*q + 9. Give j(s).
-13
Suppose -2*m + 1 = -5*v, 4*v + 16 = -4*m - 24. Let w(h) = h**2 + 12*h + 10. Determine w(v).
-17
Let n be 4/(-12)*(32 + -20). Let t be 1/1*8 - -2. Let v be n*5/t - -1. Let p(m) = 2*m**2 - 1. Determine p(v).
1
Suppose 56 = -15*j + 8*j. Let c(i) = -3*i**2 + 6*i**2 - 18 - 2*i**2 - 11*i - 2*i**2. Let t be c(j). Let p(m) = m**2 - 7*m - 6. Determine p(t).
-12
Let w(u) = u**2 - 9*u - 6. Let f(x) = -2*x**2 + 17*x + 13. Let h(b) = -4*f(b) - 7*w(b). Let y(p) = 1360*p - 13593. Let s be y(10). Give h(s).
4
Let j(t) = 19*t**2 - 2*t + 6. Let q(g) = 13*g**2 - 3*g + 5. Let o(n) = -2*j(n) + 3*q(n). Determine o(2).
-3
Let o = -10644 - -10641. Let q(t) = 7*t**2 + 25*t + 15. What is q(o)?
3
Let o(w) = 0*w + 0*w + w. Let x(h) = -4*h - 1. Suppose 20 = 5*a, -4*g + 4*a = 11 + 9. Let u(b) = g*x(b) - 6*o(b). What is u(4)?
-7
Let s(x) = 44*x**3 - 4*x**2 - 10*x - 5. Let g(j) = -98*j**3 + 9*j**2 + 21*j + 12. Let h(m) = -6*g(m) - 13*s(m). Determine h(2).
121
Let f(r) = 7*r**3 - 9*r**2 + 11*r - 1. Let c(l) = -20*l**3 + 26*l**2 - 32*l + 4. Let b(v) = -6*c(v) - 17*f(v). Let s = -1344 + 1347. What is b(s)?
8
Suppose -3 = -p - 0. Let o(z) = -z - p*z + 11*z - z**2 + 2*z**2. Let y be (26/(-13))/(6/21). Give o(y).
0
Let y(t) = -t - 59 - 5 + 139 + 2*t. Calculate y(-18).
57
Let g = 244 + -298. Let u be (-51 - g)*7/3. Let t(d) = d**3 - 7*d**2 - 3*d + 23. What is t(u)?
2
Let q = 2646 + -2657. Let z(o) = -3*o - 44. Calculate z(q).
-11
Let i(v) = -24*v**2 + v - 2. Let w(d) = -61*d - 